NOAA style reports

Report for 2018 May
                   Monthly Climatological Summary for May 2018

Name: SheffieldWX.co.uk   City: Sheffield   State: South Yorkshire
Elevation: 93 m  Lat: N 53 25 05   Lon: W 001 29 17

                  Temperature (°C), Rain (mm), Wind Speed (mph)

                                      Heat  Cool        Avg
    Mean                              Deg   Deg         Wind                 Dom
Day Temp  High   Time   Low    Time   Days  Days  Rain  Speed High   Time    Dir
----------------------------------------------------------------------------------
01   9.3  15.0   15:15   1.6   03:21   6.2   0.0   0.0   2.3  17.0   16:59   WSW
02   9.3  12.6   15:50   7.3   23:59   6.2   0.0   6.2   2.1  16.0   00:19   WSW
03  10.8  16.0   13:46   4.8   03:36   4.7   0.0   0.0   1.2  11.0   09:39   WSW
04  13.7  19.4   16:07   7.9   06:02   2.4   0.7   0.0   1.0  11.0   16:12    SW
05  15.6  24.2   16:13   6.8   05:52   2.6   2.8   0.0   1.0  12.0   14:03    SW
06  17.6  25.4   15:48   9.3   06:17   1.8   3.8   0.0   0.8   9.0   12:43     S
07  18.9  27.4   16:37   9.2   05:20   1.7   5.1   0.0   0.9  10.0   13:35     S
08  16.5  24.7   14:36  10.2   23:56   1.6   2.6   0.0   0.9  12.0   11:55   WSW
09  12.5  18.2   12:19   6.4   04:56   3.4   0.5   0.6   1.1  13.0   14:03    SW
10  11.6  17.3   15:28   6.6   23:54   4.0   0.2   0.4   0.8  12.0   10:24     W
11  11.3  16.9   14:42   3.6   05:19   4.3   0.1   0.0   1.9  16.0   14:41     S
12  12.8  17.1   12:41   8.6   06:36   2.9   0.2   2.8   0.6   9.0   16:21     S
13  13.6  21.0   14:40   8.8   06:30   3.0   1.1   1.6   0.5   7.0   14:10   NNW
14  14.9  24.1   16:10   4.7   05:20   3.2   2.7   0.0   0.6   7.0   12:30   NNE
15  16.5  25.9   15:25   6.8   05:50   2.5   3.5   0.0   0.5   6.0   11:03   ENE
16  11.6  13.8   01:28   5.3   23:58   3.9   0.0   0.0   1.7  10.0   07:54   NNE
17  10.3  15.9   15:47   3.1   04:52   5.2   0.0   0.0   0.7   9.0   11:30    NE
18  12.3  19.7   13:53   3.1   05:16   4.3   1.0   0.0   0.4   6.0   17:05   ESE
19  15.1  22.5   14:02   5.8   05:22   3.0   2.6   0.0   0.8   9.0   14:33     S
20  17.2  24.4   14:14   7.7   05:22   2.0   3.7   0.0   0.9  13.0   15:23     S
21  16.8  25.1   15:30   8.0   05:51   1.9   3.2   0.0   0.6   7.0   15:48   ENE
22  13.9  21.4   14:30   9.1   03:33   2.8   1.2   0.0   1.6  10.0   09:00   NNE
23  13.4  21.3   15:26   9.1   23:59   3.1   1.0   0.0   1.0   7.0   11:54   NNE
24  14.0  22.8   15:46   8.3   04:44   3.1   1.6   0.0   1.1  11.0   15:33   NNE
25  11.9  13.3   18:57  10.6   05:55   3.6   0.0  10.6   0.9   8.0   09:38     N
----------------------------------------------------------------------------------
    13.7  27.4     7     1.6     1    83.4  37.6  22.2   1.0  17.0     1     WSW

Max >=  27.0  1
Max <=   0.0  0
Min <=   0.0  0
Min <= -18.0  0
Max Rain: 10.6 on day 25
Days of Rain: 6 (>= 0.2 mm)  3 (>= 2.0 mm)  0 (>= 20.0 mm)
Heat Base: 15.5  Cool Base: 15.5  Method: Integration