NOAA style reports

Report for 2017 Dec
                   Monthly Climatological Summary for Dec 2017

Name: SheffieldWX.co.uk   City: Sheffield   State: South Yorkshire
Elevation: 93 m  Lat: N 53 25 05   Lon: W 001 29 17

                  Temperature (°C), Rain (mm), Wind Speed (mph)

                                      Heat  Cool        Avg
    Mean                              Deg   Deg         Wind                 Dom
Day Temp  High   Time   Low    Time   Days  Days  Rain  Speed High   Time    Dir
----------------------------------------------------------------------------------
01   3.1   5.4   12:45   1.4   00:59  12.3   0.0   0.2   1.2  11.0   00:21   NNE
02   4.9   8.6   13:11   0.7   07:48  10.5   0.0   0.0   0.2   6.0   12:00   WSW
03   7.1  10.8   13:09   2.8   20:54   8.4   0.0   0.0   0.3   6.0   11:49    NE
04   6.0  10.2   13:05   0.4   04:40   9.5   0.0   0.0   0.5   9.0   11:22     W
05   7.6   8.3   00:51   6.6   17:42   7.8   0.0   0.0   1.8  11.0   11:09     W
06   9.5  10.8   23:54   8.1   00:00   6.0   0.0   0.0   3.8  18.0   22:30   WSW
07   7.6  12.3   05:55   2.4   23:39   7.9   0.0   2.4   3.1  23.0   03:33     W
08   1.6   3.9   12:50   0.3   22:09  14.0   0.0   0.0   1.3  13.0   05:30   WNW
09   0.8   2.6   12:31  -1.8   07:50  14.7   0.0   0.0   0.6   8.0   00:21     W
10  -0.3   1.1   00:00  -1.8   04:40  15.7   0.0   0.0   0.7   6.0   13:17    NE
11  -0.6   3.3   13:02  -2.7   20:06  16.2   0.0   0.6   0.9   9.0   12:02    NE
12   0.3   3.6   12:37  -4.6   08:15  15.2   0.0   0.4   0.9  11.0   21:03   WSW
13   3.9   6.6   11:46   1.3   21:33  11.6   0.0   4.8   2.2  15.0   23:01   WSW
14   2.9   5.2   13:44   0.8   02:03  12.6   0.0   8.6   1.8  14.0   09:57   WSW
15   2.6   5.6   12:41   0.9   23:53  12.9   0.0   0.0   1.2  12.0   12:18    NE
16   1.2   4.6   13:52  -2.5   23:54  14.3   0.0   0.0   0.3   7.0   11:28   WNW
----------------------------------------------------------------------------------
     3.6  12.3     7    -4.6    12   189.6   0.0  17.0   1.3  23.0     7       W

Max >=  27.0  0
Max <=   0.0  0
Min <=   0.0  5
Min <= -18.0  0
Max Rain: 8.6 on day 14
Days of Rain: 6 (>= 0.2 mm)  3 (>= 2.0 mm)  0 (>= 20.0 mm)
Heat Base: 15.5  Cool Base: 15.5  Method: Integration

Home | Sitemap | Software Status | About Us | Contact Us

Powered by Cumulus   (Build ) © sheffieldwx.co.uk      

3 visitors online now
Max visitors today: 3 at 03:42 pm GMT
This month: 4 at 12-04-2017 12:38 am GMT
This year: 14 at 05-08-2017 07:02 pm BST
All time: 35 at 10-10-2015 04:40 pm BST