NOAA style reports

Report for 2018 Nov
                   Monthly Climatological Summary for Nov 2018

Name: SheffieldWX.co.uk   City: Sheffield   State: South Yorkshire
Elevation: 93 m  Lat: N 53 25 05   Lon: W 001 29 17

                  Temperature (°C), Rain (mm), Wind Speed (mph)

                                      Heat  Cool        Avg
    Mean                              Deg   Deg         Wind                 Dom
Day Temp  High   Time   Low    Time   Days  Days  Rain  Speed High   Time    Dir
----------------------------------------------------------------------------------
01   6.6  10.2   14:15   1.4   23:59   8.9   0.0   0.0   1.5  16.0   14:38   NNW
02   6.4  11.3   13:48   1.3   00:07   9.1   0.0   0.0   2.9  17.0   10:54    NW
03  10.3  12.9   13:36   7.2   03:02   5.2   0.0   0.2   7.9  36.0   21:50   WSW
04  10.5  12.7   13:26   8.4   23:17   5.0   0.0   0.2   4.1  19.0   00:01    SW
05   9.1  10.9   15:17   7.5   05:28   6.4   0.0   0.0   1.2  14.0   00:29   SSW
06  11.9  14.5   14:20   9.4   02:20   3.6   0.0   0.0   4.0  24.0   14:28   SSW
07  10.6  13.7   12:16   7.7   20:59   4.9   0.0   9.4   4.5  29.0   12:18    SW
08   8.7  11.4   15:35   5.6   05:20   6.8   0.0   0.0   4.5  21.0   10:30    SW
09   8.8  10.7   15:48   7.4   03:23   6.7   0.0   5.6   5.5  26.0   18:32   SSW
10   9.8  12.1   13:31   7.4   07:23   5.7   0.0   0.4   4.3  20.0   14:23    SW
11   9.2  12.0   13:55   7.6   19:27   6.4   0.0   0.4   4.5  23.0   11:19   WSW
12   9.2  13.1   13:39   7.6   00:44   6.3   0.0   1.4   5.8  25.0   10:44   WSW
13  10.0  13.0   13:29   7.7   00:02   5.5   0.0   0.0   6.1  26.0   12:33     W
14  10.9  13.5   13:52   7.9   23:41   4.6   0.0   2.8   5.6  26.0   12:55   WSW
15   9.8  12.7   22:26   5.5   06:39   5.7   0.0   0.0   3.0  18.0   11:12   WSW
16  11.4  12.5   12:04   8.2   23:59   4.1   0.0   0.0   2.1  10.0   08:16   SSW
----------------------------------------------------------------------------------
     9.6  14.5     6     1.3     2    94.9   0.0  20.4   4.2  36.0     3     WSW

Max >=  27.0  0
Max <=   0.0  0
Min <=   0.0  0
Min <= -18.0  0
Max Rain: 9.4 on day 7
Days of Rain: 8 (>= 0.2 mm)  3 (>= 2.0 mm)  0 (>= 20.0 mm)
Heat Base: 15.5  Cool Base: 15.5  Method: Integration