NOAA style reports

Report for 2018 Sep
                   Monthly Climatological Summary for Sep 2018

Name: SheffieldWX.co.uk   City: Sheffield   State: South Yorkshire
Elevation: 93 m  Lat: N 53 25 05   Lon: W 001 29 17

                  Temperature (°C), Rain (mm), Wind Speed (mph)

                                      Heat  Cool        Avg
    Mean                              Deg   Deg         Wind                 Dom
Day Temp  High   Time   Low    Time   Days  Days  Rain  Speed High   Time    Dir
----------------------------------------------------------------------------------
01  16.4  24.6   15:09   7.6   05:00   2.4   3.3   0.0   3.1  19.0   10:57   WSW
02  19.8  25.8   15:53  13.9   01:56   0.2   4.5   0.0   3.3  21.0   13:39   WSW
03  17.5  22.6   12:31  12.6   23:48   0.4   2.3   0.0   1.9  18.0   15:32     N
04  13.7  16.6   16:56  11.7   07:09   2.0   0.1   0.0   1.2  10.0   08:54   ENE
05  14.4  19.8   15:25   8.2   07:18   2.0   0.9   0.0   1.3  11.0   13:57    NE
06  12.1  16.2   17:01   8.3   05:01   3.4   0.0   2.2   2.1  18.0   18:45   NNW
07  11.2  16.6   13:57   5.2   04:38   4.3   0.1   0.2   4.9  26.0   14:06    NW
08  13.3  16.5   14:43   9.4   02:34   2.3   0.1   2.2   3.7  20.0   12:51     W
09  15.4  18.6   12:54  13.3   23:30   0.7   0.6   0.2   5.2  28.0   10:09     W
10  14.3  17.9   16:48  11.6   06:59   1.6   0.4   0.0   4.9  22.0   19:52     W
11  15.5  18.1   16:41  13.4   09:30   0.5   0.6   0.4   5.1  29.0   05:25   WNW
12  12.7  18.2   15:36   7.3   23:39   3.1   0.4   1.8   3.1  19.0   12:23   NNW
13  13.3  18.3   16:21   7.7   00:00   2.7   0.4   0.0   4.5  23.0   11:57     W
14  13.4  15.9   14:47  11.6   03:44   2.1   0.0   0.6   5.0  21.0   07:59     W
15  14.6  17.8   15:27  11.9   03:35   1.3   0.4   0.0   3.6  16.0   10:05     W
16  15.9  21.7   14:07  12.7   23:59   0.8   1.2   0.0   5.1  27.0   13:06     W
17  16.8  23.3   13:26  11.3   02:05   1.1   2.5   0.0   3.9  28.0   14:53   WSW
18  17.7  21.9   13:49  12.8   01:46   0.2   2.4   9.8   7.1  32.0   07:15   WSW
19  15.8  20.1   13:36  12.2   23:58   0.7   1.0   0.4   9.7  48.0   14:48     W
----------------------------------------------------------------------------------
    14.9  25.8     2     5.2     7    31.8  21.2  17.8   4.2  48.0    19       W

Max >=  27.0  0
Max <=   0.0  0
Min <=   0.0  0
Min <= -18.0  0
Max Rain: 9.8 on day 18
Days of Rain: 9 (>= 0.2 mm)  3 (>= 2.0 mm)  0 (>= 20.0 mm)
Heat Base: 15.5  Cool Base: 15.5  Method: Integration