NOAA style reports

Report for 2019 Mar
                   Monthly Climatological Summary for Mar 2019

Name: SheffieldWX.co.uk   City: Sheffield   State: South Yorkshire
Elevation: 93 m  Lat: N 53 25 05   Lon: W 001 29 17

                  Temperature (°C), Rain (mm), Wind Speed (mph)

                                      Heat  Cool        Avg
    Mean                              Deg   Deg         Wind                 Dom
Day Temp  High   Time   Low    Time   Days  Days  Rain  Speed High   Time    Dir
----------------------------------------------------------------------------------
01   7.2   9.4   15:40   4.6   06:42   8.3   0.0   0.0   1.5  11.0   23:03   WSW
02   9.7  13.7   13:02   6.8   06:13   5.8   0.0   1.0   7.5  32.0   18:36     W
03   7.7  10.9   18:31   4.2   23:04   7.8   0.0   3.8   7.7  39.0   21:40     W
04   5.8  10.2   13:46   2.7   23:57   9.7   0.0   2.4   7.7  33.0   00:06    NW
05   6.8  12.2   14:35   2.6   00:04   8.7   0.0   1.8   6.1  29.0   13:41   WSW
06   9.1  11.9   12:30   6.0   23:29   6.4   0.0  12.4   6.1  31.0   16:36   WSW
07   6.2   7.9   16:35   3.3   23:09   9.3   0.0   2.0   6.9  34.0   06:50   WNW
08   4.4   8.4   20:49  -1.2   06:46  11.1   0.0   2.2   5.5  29.0   23:28     W
09   6.3   8.2   14:45   4.4   23:54   9.2   0.0   5.6   8.6  35.0   10:47   WNW
10   3.6   7.0   13:20   0.9   06:52  11.9   0.0  10.8   6.7  37.0   23:36    NW
11   5.8   9.7   14:23   2.3   02:05   9.7   0.0   3.6   9.5  38.0   00:38    NW
12   6.2   8.8   07:33   3.9   10:26   9.3   0.0   5.4  10.1  42.0   23:03     W
13   7.2   9.7   13:27   4.6   02:29   8.3   0.0   5.0  12.1  44.0   08:16    NW
14   8.3  11.1   14:48   6.4   00:01   7.2   0.0   4.0  10.2  41.0   11:01    NW
15   9.2  11.5   05:11   6.2   23:55   6.3   0.0   1.8  10.7  42.0   13:28    NW
16   8.2  11.7   13:47   4.2   23:00   7.3   0.0  15.6  10.5  42.0   11:09     W
17   5.3   8.9   14:20   2.4   06:36  10.2   0.0   0.6   6.8  35.0   08:09    NW
18   6.9   9.5   11:24   3.7   03:34   8.6   0.0   0.0   3.5  16.0   12:17    NW
19   9.2  13.2   15:13   4.9   05:44   6.3   0.0   0.0   3.2  17.0   17:44     W
20  12.7  19.8   14:12   6.7   02:53   3.5   0.7   0.0   2.5  14.0   21:48     W
21  11.3  15.1   15:10   7.7   03:17   4.2   0.0   0.0  ----  14.0   09:50   WNW
22  11.3  13.9   14:19   8.7   23:54   4.2   0.0   0.2  ----  29.0   12:17     W
23   7.9  11.6   13:11   5.1   06:51   7.6   0.0   0.0  ----  13.0   00:40     N
----------------------------------------------------------------------------------
     7.7  19.8    20    -1.2     8   180.9   0.7  78.2   7.2  44.0    13     WNW

Max >=  27.0  0
Max <=   0.0  0
Min <=   0.0  1
Min <= -18.0  0
Max Rain: 15.6 on day 16
Days of Rain: 17 (>= 0.2 mm)  12 (>= 2.0 mm)  0 (>= 20.0 mm)
Heat Base: 15.5  Cool Base: 15.5  Method: Integration