NOAA style reports

Report for 2017 Oct
                   Monthly Climatological Summary for Oct 2017

Name: SheffieldWX.co.uk   City: Sheffield   State: South Yorkshire
Elevation: 93 m  Lat: N 53 25 05   Lon: W 001 29 17

                  Temperature (°C), Rain (mm), Wind Speed (mph)

                                      Heat  Cool        Avg
    Mean                              Deg   Deg         Wind                 Dom
Day Temp  High   Time   Low    Time   Days  Days  Rain  Speed High   Time    Dir
----------------------------------------------------------------------------------
01  15.1  17.3   15:18  12.7   01:20   0.9   0.5   2.2   2.1  17.0   12:13   WSW
02  13.7  16.8   14:26  10.7   23:52   1.8   0.0   0.0   3.1  19.0   01:01     W
03  11.6  13.6   11:23  10.4   06:15   3.9   0.0   0.0   1.4  12.0   00:36     W
04  11.6  12.8   16:20  10.4   06:16   3.9   0.0   2.4   2.3  14.0   23:56   WSW
05  12.6  16.3   12:55   8.4   08:13   3.0   0.1   3.0   1.8  14.0   01:29   WNW
06  10.5  15.3   13:27   5.7   08:07   5.0   0.0   0.0   0.5   8.0   23:57     W
07  12.8  14.2   13:33  10.7   00:00   2.7   0.0   0.0   2.0  14.0   03:00     W
08  12.4  16.9   15:20   9.4   07:14   3.2   0.1   0.0   0.4   6.0   10:34     W
09  13.0  17.1   13:31  10.0   00:01   2.5   0.0   0.0   0.4   7.0   13:42   WSW
10  14.4  17.2   14:59  12.7   00:00   1.3   0.2   1.0   2.5  15.0   17:53   WSW
11  14.0  15.4   04:22  11.1   23:58   1.5   0.0   1.6   3.7  19.0   12:36   WSW
12  12.5  17.1   14:43   9.9   03:12   3.0   0.1   0.0   2.2  15.0   20:26   WSW
13  17.4  21.2   14:11  13.4   00:00   0.3   2.2   0.2   4.5  19.0   02:19   WSW
14  18.1  21.9   14:18  14.9   23:53   0.0   2.6   0.0   3.7  19.0   11:19   WSW
15  15.7  19.4   14:34  13.3   07:07   0.7   0.8   0.0   2.1  14.0   13:17   WSW
16  15.7  19.8   15:16  13.9   05:25   0.7   0.9   0.0   3.4  30.0   22:19   WSW
17  12.6  16.1   14:14   9.3   23:51   2.9   0.0   0.0   3.8  27.0   01:27   WSW
18  10.0  12.7   13:06   5.3   07:54   5.6   0.0   0.2   0.3   6.0   15:30    SE
19  12.4  14.6   18:10  10.9   00:00   3.1   0.0   5.2   0.6   9.0   18:19     S
20  12.1  15.3   12:07  10.2   07:58   3.4   0.0   0.6   1.2  11.0   15:24    SW
----------------------------------------------------------------------------------
    13.4  21.9    14     5.3    18    49.4   7.5  16.4   2.1  30.0    16     WSW

Max >=  27.0  0
Max <=   0.0  0
Min <=   0.0  0
Min <= -18.0  0
Max Rain: 5.2 on day 19
Days of Rain: 9 (>= 0.2 mm)  4 (>= 2.0 mm)  0 (>= 20.0 mm)
Heat Base: 15.5  Cool Base: 15.5  Method: Integration

Home | Sitemap | Software Status | About Us | Contact Us

Powered by Cumulus   (Build ) © sheffieldwx.co.uk      

1 visitors online now
Max visitors today: 1 at 03:04 am BST
This month: 5 at 10-14-2017 07:23 am BST
This year: 14 at 05-08-2017 07:02 pm BST
All time: 35 at 10-10-2015 04:40 pm BST