sheffieldwx_new_logo
SheffieldWX - Weather From NW Sheffield Latitude - N 53° 25' 05" Longitude - W 01° 29' 18" 93m asl

NOAA style reports

Report for 2019 Sep
                   Monthly Climatological Summary for Sep 2019

Name: SheffieldWX.co.uk   City: Sheffield   State: South Yorkshire
Elevation: 93 m  Lat: N 53 25 05   Lon: W 001 29 17

                  Temperature (°C), Rain (mm), Wind Speed (mph)

                                      Heat  Cool        Avg
    Mean                              Deg   Deg         Wind                 Dom
Day Temp  High   Time   Low    Time   Days  Days  Rain  Speed High   Time    Dir
----------------------------------------------------------------------------------
01  12.9  17.3   14:32   8.8   03:50   2.8   0.2   0.2   4.1  25.0   14:22    NW
02  14.2  17.8   12:30   9.9   01:19   1.8   0.5   0.2   5.2  27.0   21:31   WNW
03  16.9  20.6   12:29  14.1   05:21   0.3   1.7   0.0   5.8  20.0   19:33     W
06  15.1  17.6   13:51  12.9   08:17   0.6   0.2   2.8  ----  30.0   13:41    NW
07  12.2  16.6   15:21   6.9   23:57   1.2   0.0   0.0   1.5  11.0   16:29   ENE
08  11.6  19.1   15:36   4.3   06:57   4.4   0.5   0.0   1.4  13.0   11:23    NW
09  12.0  13.1   17:11  10.7   06:47   3.5   0.0   1.2   1.4  13.0   11:27    SW
10  13.4  17.5   14:46   8.6   06:30   2.4   0.3   0.2   2.7  16.0   17:15    NW
11  15.9  19.7   13:10  12.2   00:11   0.8   1.1   0.2   6.7  27.0   13:20   WNW
12  16.6  23.3   15:34  12.9   23:55   0.8   2.0   0.0  ----  26.0   12:15     W
13  13.3  19.1   14:59   8.1   06:54   2.9   0.7   0.0  ----  15.0   14:22   NNW
14  13.5  20.7   15:49   5.3   06:41   3.4   1.5   0.0  ----  19.0   13:03     W
----------------------------------------------------------------------------------
    14.0  23.3    12     4.3     8    24.9   8.7   4.8   3.6  30.0     6     WNW

Max >=  27.0  0
Max <=   0.0  0
Min <=   0.0  0
Min <= -18.0  0
Max Rain: 2.8 on day 6
Days of Rain: 6 (>= 0.2 mm)  1 (>= 2.0 mm)  0 (>= 20.0 mm)
Heat Base: 15.5  Cool Base: 15.5  Method: Integration