NOAA style reports

Report for 2019 May
                   Monthly Climatological Summary for May 2019

Name: SheffieldWX.co.uk   City: Sheffield   State: South Yorkshire
Elevation: 93 m  Lat: N 53 25 05   Lon: W 001 29 17

                  Temperature (°C), Rain (mm), Wind Speed (mph)

                                      Heat  Cool        Avg
    Mean                              Deg   Deg         Wind                 Dom
Day Temp  High   Time   Low    Time   Days  Days  Rain  Speed High   Time    Dir
----------------------------------------------------------------------------------
01  12.3  16.8   13:39   7.9   03:21   3.3   0.1   0.0   1.6  12.0   22:16   NNW
02  10.9  15.8   15:57   7.6   04:49   4.6   0.0   6.4   3.5  19.0   15:20     N
03   6.5   8.4   17:24   4.5   23:57   9.0   0.0   1.6   1.4  15.0   17:30     E
04   6.7  12.3   15:13   2.6   05:03   8.8   0.0   0.2   3.6  18.0   11:13    NE
05   7.4  12.2   17:05   3.2   04:30   8.1   0.0   0.0   3.3  19.0   17:11   NNW
06   8.3  12.1   14:22   5.5   23:59   7.2   0.0   0.0   2.9  16.0   14:33     N
07   8.6  13.2   16:00   4.3   05:36   6.9   0.0   0.6   1.5  12.0   13:56     S
08   7.4   8.1   17:56   6.8   03:06   8.1   0.0   5.2   2.3  17.0   11:54     E
09   6.9   8.1   13:35   5.3   22:54   8.6   0.0   1.8   2.0  14.0   14:29   ENE
10   7.2  11.2   14:33   4.7   03:42   8.3   0.0   2.0   1.3  11.0   15:55   SSE
11   9.2  13.9   11:58   5.5   23:59   6.3   0.0   2.2   1.6  16.0   13:37   ENE
12  10.4  17.4   14:39   2.3   05:47   5.3   0.2   0.0   1.9  14.0   15:09   WSW
13  13.0  19.9   16:58   4.6   05:15   3.7   1.2   0.0   2.3  14.0   17:36   WSW
14  14.3  20.8   16:33   6.7   05:36   2.8   1.5   0.0   2.2  15.0   14:00   SSW
15  13.6  20.1   16:23   6.3   06:03   3.1   1.2   0.0   2.1  14.0   15:30     S
16  11.4  17.6   15:36   4.7   05:40   4.3   0.2   0.0   3.0  23.0   16:36    SE
17  12.7  18.9   15:24   8.7   04:57   3.4   0.6   0.2   3.4  19.0   12:50     E
18  11.8  14.5   12:19   9.6   02:00   3.7   0.0   0.0   1.1  10.0   02:40     E
19  12.9  16.9   13:01   9.7   23:47   2.6   0.1   0.2   1.2  10.0   09:22     N
20  13.6  19.7   15:29   7.3   04:48   2.9   1.0   0.2   2.9  16.0   15:40   NNW
----------------------------------------------------------------------------------
    10.3  20.8    14     2.3    12   111.0   6.1  20.6   2.3  23.0    16      NE

Max >=  27.0  0
Max <=   0.0  0
Min <=   0.0  0
Min <= -18.0  0
Max Rain: 6.4 on day 2
Days of Rain: 11 (>= 0.2 mm)  4 (>= 2.0 mm)  0 (>= 20.0 mm)
Heat Base: 15.5  Cool Base: 15.5  Method: Integration