NOAA style reports

Report for 2019 Jan
                   Monthly Climatological Summary for Jan 2019

Name: SheffieldWX.co.uk   City: Sheffield   State: South Yorkshire
Elevation: 93 m  Lat: N 53 25 05   Lon: W 001 29 17

                  Temperature (°C), Rain (mm), Wind Speed (mph)

                                      Heat  Cool        Avg
    Mean                              Deg   Deg         Wind                 Dom
Day Temp  High   Time   Low    Time   Days  Days  Rain  Speed High   Time    Dir
----------------------------------------------------------------------------------
01   7.4   9.9   11:46   3.1   21:13   8.1   0.0   0.0   3.6  24.0   03:53     N
02   4.1   5.3   13:08   3.1   23:51  11.4   0.0   0.0   1.3   8.0   00:17    NE
03   2.5   3.2   00:00   1.2   21:13  12.9   0.0   0.0   0.8  10.0   11:31   NNW
04   3.6   5.4   12:16   0.8   03:01  11.9   0.0   0.0   1.1   9.0   12:41   NNW
05   5.8   7.0   14:19   4.6   07:43   9.7   0.0   0.0   2.9  15.0   13:58   NNW
06   8.1  11.2   13:56   5.4   00:48   7.4   0.0   0.0   3.3  16.0   11:47    NW
07   9.3  11.7   11:56   7.6   23:54   6.2   0.0   0.8   6.6  26.0   12:32   WNW
08   6.0   8.1   13:58   3.1   20:42   9.5   0.0   0.0   5.2  27.0   03:54     N
09   3.1   4.8   14:00   0.4   23:51  12.4   0.0   0.0   2.1  12.0   11:35   NNE
10   5.5   9.7   13:35  -0.3   02:17  10.0   0.0   0.0   2.4  15.0   15:20     N
11   7.1   8.7   22:28   5.4   08:49   8.4   0.0   0.0   2.6  22.0   22:57   NNW
12   9.1  10.7   23:25   8.1   03:17   6.4   0.0   0.8   8.6  41.0   23:48   NNW
13   9.2  11.2   13:27   6.8   21:51   6.3   0.0   0.2  10.1  46.0   12:34   NNW
14   6.8   8.3   12:07   5.4   09:31   8.7   0.0   0.0   4.4  26.0   00:09   NNW
15   8.5  10.2   14:08   6.3   00:00   7.0   0.0   0.0   6.6  25.0   14:18     W
16   6.6   9.6   02:45   2.7   20:14   8.9   0.0   0.2   4.8  20.0   05:04   WNW
17   1.6   4.3   13:54  -1.3   23:50  13.9   0.0   0.2   3.3  19.0   08:38   NNE
18   0.6   3.9   15:46  -2.1   04:56  14.9   0.0   3.4   2.8  21.0   18:21    SW
19   2.1   2.8   16:19   1.2   01:27  13.4   0.0   0.6   2.1  14.0   00:03   SSW
20   3.0   5.9   14:44   0.4   21:43  12.5   0.0   0.0   0.9   8.0   15:36   WSW
----------------------------------------------------------------------------------
     5.5  11.7     7    -2.1    18   199.9   0.0   6.2   3.8  46.0    13     NNW

Max >=  27.0  0
Max <=   0.0  0
Min <=   0.0  3
Min <= -18.0  0
Max Rain: 3.4 on day 18
Days of Rain: 7 (>= 0.2 mm)  1 (>= 2.0 mm)  0 (>= 20.0 mm)
Heat Base: 15.5  Cool Base: 15.5  Method: Integration