NOAA style reports

Report for 2019 Jul
                   Monthly Climatological Summary for Jul 2019

Name: SheffieldWX.co.uk   City: Sheffield   State: South Yorkshire
Elevation: 93 m  Lat: N 53 25 05   Lon: W 001 29 17

                  Temperature (°C), Rain (mm), Wind Speed (mph)

                                      Heat  Cool        Avg
    Mean                              Deg   Deg         Wind                 Dom
Day Temp  High   Time   Low    Time   Days  Days  Rain  Speed High   Time    Dir
----------------------------------------------------------------------------------
01  15.8  19.6   14:35  12.2   23:54   0.6   0.8   0.0   6.9  28.0   16:57   NNW
02  14.9  18.9   12:47   9.9   05:28   1.5   1.0   0.0   4.3  19.0   12:51     N
03  16.1  22.3   16:40   8.2   05:31   1.9   2.5   0.0   1.6  10.0   19:44   ESE
04  17.5  23.5   15:43  11.4   03:06   1.0   3.0   0.0   4.1  20.0   15:08    NW
05  18.7  23.7   15:38  14.7   05:42   0.1   3.3   0.0   4.4  20.0   18:56   NNW
06  16.8  20.9   17:01  13.8   23:46   0.7   1.3   2.4   3.7  17.0   00:47   NNW
07  15.5  21.6   15:45   8.6   05:19   3.3   0.5   0.2   2.0  15.0   20:06     S
08  15.6  19.7   13:26  10.9   06:03   2.9   0.2   0.0   2.1  13.0   12:20     S
09  15.5  18.9   16:52  12.2   03:39   2.6   0.3   0.2   1.4  11.0   16:11     W
10  18.9  23.0   13:19  15.4   04:30   0.0   3.4   0.0   2.8  17.0   13:19   WNW
11  18.7  25.1   14:59  15.3   04:27   0.0   3.1   0.2   3.7  16.0   16:08   WNW
12  18.4  23.4   16:52  14.2   02:53   0.1   3.1   0.0   5.5  24.0   19:15     N
13  17.4  21.3   13:15  13.6   03:46   0.3   2.1   0.0   3.4  15.0   20:31     N
14  16.7  20.9   17:08  12.7   23:57   0.5   1.7   0.0   1.8  12.0   13:29     E
15  15.9  24.2   17:12   9.6   04:18   1.6   1.9   0.0   1.3   8.0   08:29    SW
16  18.9  25.7   16:03  12.7   05:09   0.5   3.8   0.0   1.6  12.0   19:09   NNW
17  18.8  23.4   15:02  15.2   05:34   0.0   3.3   0.8   3.2  17.0   13:06     W
18  17.5  21.7   16:22  15.0   23:52   0.1   2.1   0.0   4.3  19.0   13:28   WNW
19  15.2  18.2   19:16  11.2   04:51   1.0   0.7  11.6   3.0  20.0   19:05   WSW
----------------------------------------------------------------------------------
    17.0  25.7    16     8.2     3    18.7  38.1  15.4   2.8  28.0     1      NW

Max >=  27.0  0
Max <=   0.0  0
Min <=   0.0  0
Min <= -18.0  0
Max Rain: 11.6 on day 19
Days of Rain: 6 (>= 0.2 mm)  2 (>= 2.0 mm)  0 (>= 20.0 mm)
Heat Base: 15.5  Cool Base: 15.5  Method: Integration